42 - (1/1 + -130).
122
Let f(p) = -p**3 - 4*p**2 + 4. Let c be f(-4). Let y be -7 + c - -1*2. Calculate the remainder when (4/20 + y)*-5 is divided by 3.
1
Let y(a) = -a**3 + 6*a**2 + a - 2. Let c = -6 - -11. What is the remainder when 111 is divided by y(c)?
27
Suppose -14*v = -6*v - 72. Suppose -2*k - v = -15. Calculate the remainder when (-144)/(-10) - 4/10 is divided by k.
2
Let g(j) = -j**3 + 6*j**2 + 9*j - 16. Let k be g(5). Let f = k - 19. Suppose 37 = r + 5*s, r + 2*s = -0*r + 22. What is the remainder when f is divided by r?
11
Suppose h = 2*u - 2*h - 70, -112 = -4*u - h. Calculate the remainder when u is divided by 20.
9
Suppose 13*p - 1230 - 1695 = 0. What is the remainder when p is divided by 81?
63
Let x(y) = y**2 + y - 9. Let l be x(-4). Let g(j) = 0*j - 7 - l*j - 7 - 2*j. Calculate the remainder when g(-11) is divided by 11.
8
Suppose -j + 3*p + 1 + 2 = 0, -5*p + 15 = -5*j. Let i(a) = a**3 + 5*a**2 - 11*a - 9. What is the remainder when i(j) is divided by 12?
9
Suppose -p - 5*o + 10 = -43, 4*p - 212 = -o. Calculate the remainder when p is divided by 9.
8
Suppose -134 = -2*p + 4*j, 0 = -4*j - 7 - 1. Suppose -60*y - 174 = -p*y. What is the remainder when y is divided by 12?
10
Let m = 101 - 4. What is the remainder when m is divided by 14?
13
Let r be (29 - 8)*14/3. Suppose -78 = -4*a + r. Suppose 4*y - a = -0*y. What is the remainder when y is divided by 7?
4
Let l(w) = 4*w**2 - 3*w - 1. Let f = -20 - -80. What is the remainder when f is divided by l(-2)?
18
Let t(b) = 3*b + 56*b**2 - 7 + 2 - 1 - 54*b**2. Let u(w) = -w**3 + 4*w**2 + w - 4. What is the remainder when t(3) is divided by u(3)?
5
Let z = -1 - -76. Suppose -112 - 266 = -7*m. Let x = 80 - m. What is the remainder when z is divided by x?
23
Suppose 66*u = 403 + 851. What is the remainder when ((-21)/6)/(1/(-42)) is divided by u?
14
Calculate the remainder when 4/3*-1095*(-10)/100 is divided by 67.
12
Let q(a) = a**2 + 17. Let i = 23327 + -23277. Calculate the remainder when i is divided by q(0).
16
Suppose 2 - 17 = -3*z. Suppose -2*a + 33 = -z. Suppose 19*f - 35 = 18*f. Calculate the remainder when f is divided by a.
16
Let o = 560 + -544. Calculate the remainder when 111 is divided by o.
15
Let f(r) = 5*r + 34. Let t be f(-4). Suppose -t*u = -84 - 98. What is the remainder when 192 is divided by u?
10
Let l(k) = -6*k + 20. Let m be l(18). Let b(c) = -c**3 - 3*c**2 - 2*c - 4. Let o be b(-3). Calculate the remainder when 43 is divided by (1/(-2))/(o/m).
21
What is the remainder when 73 is divided by (31/(-62))/(0 - (-1)/(-30))?
13
Let y = 1317 + -1066. Calculate the remainder when y is divided by 101.
49
Suppose 0 = j - w - 70, -w = -5*j + 2*w + 356. Let h = -56 + j. Calculate the remainder when 9/(-6) + (-135)/(-2) is divided by h.
15
Suppose 7*d = 2*d + 5*m + 35, -2*m = 2*d - 2. Suppose -12 = -7*c + 5*c. Calculate the remainder when c is divided by d.
2
Let y = 14 + -11. Suppose 4*n - y*n = 0. Suppose 2*f - 19 - 23 = n. What is the remainder when f is divided by 11?
10
Suppose -27 + 7 = 5*f, 3*j + 4*f - 23 = 0. Let d = 58 - 10. Calculate the remainder when d is divided by j.
9
Suppose 15*g - 6*g = 8721. Calculate the remainder when g is divided by 162.
159
Let y(k) = -k + 49. Calculate the remainder when y(20) is divided by 16.
13
Let x(y) = -y**3 - 4*y**2 + 4*y - 1. Let s be x(-5). Suppose -s*a + 37 = -63. Calculate the remainder when a is divided by 2/(-1 + 15/13).
12
Suppose 0 = 5*k - 9*k + 48. What is the remainder when 88 is divided by 430/14 - (k/7 + -2)?
26
Suppose -3*a = -5*a + 4. Suppose -a*x - 6*x = -712. Calculate the remainder when x is divided by 15.
14
Let h(t) = 57*t + 495. Calculate the remainder when 52 is divided by h(-8).
13
Suppose 5*v + 15 = -60. Let q = v - -57. What is the remainder when q is divided by 11?
9
Let z = -1551 - -1797. Calculate the remainder when z is divided by 131.
115
Let d(a) = 3*a + 3. Let c = 22 - 37. Let g be (-12)/(-15) + (-33)/c. What is the remainder when d(g) is divided by 5?
2
Suppose 2*p + 2*j = 3*j + 259, -5*p - 2*j = -643. Calculate the remainder when p is divided by 81.
48
Suppose 3*u - 37 = 23. Suppose 6*o - 11*o = -u. Suppose -2*y + o = -y. What is the remainder when y is divided by 2?
0
Suppose 8*o = 7*o + 29. Suppose n + v = -2*v + o, 4*n - 5*v = 31. Let y(f) = 8*f**2 - 4*f. Calculate the remainder when y(-2) is divided by n.
12
Let z = -326 + 786. Calculate the remainder when z is divided by 22.
20
Suppose -9*r + 6*r + 6 = 0. Suppose -r*o + 2*x + 1 = -11, -2*x - 18 = -4*o. What is the remainder when 12 is divided by o?
0
Suppose 2*u - 4 = -2*u. Suppose u = q + 3. What is the remainder when 19 is divided by 4/8*q - -6?
4
Suppose -2*o = -4*b - 6, 16 = 3*b + 4*o + 4. Suppose b = 3*g - 22 - 77. Suppose 3*a + 0*a - g = 0. What is the remainder when 41 is divided by a?
8
Let a(u) = -u**2 - 10*u - 28. Let z be a(-5). Calculate the remainder when (-2)/3 - -137*(-1)/z is divided by 18.
9
Suppose 5*f + 25 = 0, 5*n - 4*n - 2*f - 311 = 0. What is the remainder when n is divided by 74?
5
Suppose 9*p - 64 = 5*p - 4*g, g = -2*p + 32. What is the remainder when 73 is divided by p?
9
Suppose 5*c - 45 = -2*p, c + 0*c + 99 = 5*p. Calculate the remainder when 238 is divided by p.
18
Let f = -221 - -344. Calculate the remainder when f is divided by 23.
8
What is the remainder when 103 is divided by 63/(-77) + 1 + (-119)/(-11)?
4
Suppose -34*i + 448 + 96 = 0. What is the remainder when 46 is divided by i?
14
Let v be 69/9 - (-4)/(-6). Let d = v + 0. Suppose -190 = -d*u - 8. Calculate the remainder when 128 is divided by u.
24
Suppose -c = 1, 0*c = -f - c + 10. Calculate the remainder when 1 - -14 - (-6 + 5)*-1 is divided by f.
3
Let y = 14 - 8. Suppose y*p - 635 = p. Calculate the remainder when p is divided by 32.
31
Let l = 11 - -72. What is the remainder when l is divided by 29?
25
Suppose h = w + 21, 35*h - 39*h + 60 = 4*w. What is the remainder when 195 is divided by h?
15
Let s = -326 - -453. Calculate the remainder when 506 is divided by s.
125
Suppose 0 = -r + 4, 0*r - 10 = 2*p - 5*r. What is the remainder when (-2)/9 + p/(90/814) is divided by 24?
21
Let g(h) be the second derivative of -h**5/20 + 11*h**4/12 - h**3/3 - 15*h**2/2 + 2*h. What is the remainder when g(10) is divided by 17?
14
Let a = 193 - 30. What is the remainder when a is divided by 2?
1
Let p(i) = -i**2 + 16*i - 5. Let z(a) = a. Let r(k) = p(k) - 4*z(k). What is the remainder when r(9) is divided by 12?
10
Suppose x - 12*q = -10*q + 17, 3*q = -2*x - 1. Calculate the remainder when 20 is divided by x.
6
Let c = 132 + -87. What is the remainder when 89 is divided by c?
44
Suppose 4*k + 5*x - 180 = -k, -2*x + 38 = k. Calculate the remainder when 158 is divided by k.
22
What is the remainder when 389 is divided by ((-85)/(-15))/(2/6)?
15
Suppose -11*m = -7*m - 44. Suppose 2 = -0*u + u. Calculate the remainder when 60 is divided by (u/(-4))/(m/(-352)).
12
Suppose -10*k = -6*k - 16. Suppose -k*d + 23 = 5*q - 521, -4*q + 428 = -4*d. Calculate the remainder when q is divided by 22.
20
Suppose 0*c - 37 = -c. Suppose -2*f + 149 = -c. What is the remainder when f is divided by 19?
17
Let g = 111 + 78. Calculate the remainder when g is divided by 16.
13
Let h(c) = c**2 - 3*c - 6. Let j be h(-2). Let k(p) = 3*p**2 - 9. Calculate the remainder when 152 is divided by k(j).
35
Let z = 21 + -16. Let m(b) = 12*b + 6. Let x be m(z). Suppose -3*v = -0*v - x. Calculate the remainder when 63 is divided by v.
19
Let c(h) = -h**2 + 6*h - 5. Let b be c(6). Suppose 2*u - 141 + 43 = 0. Calculate the remainder when u is divided by (-50)/b + -1 + 4.
10
Suppose 0 = 7*o - 664 - 190. Calculate the remainder when o is divided by 2.
0
Let o(p) = 163*p**2 + 14*p - 12. What is the remainder when o(1) is divided by 56?
53
What is the remainder when 85 is divided by (-7236)/(-180) + (-3)/15?
5
Let k = -203 - -119. Let s = k - -113. What is the remainder when s is divided by 8?
5
Suppose -q + 5*q - 40 = 0. Let k = 21 + q. What is the remainder when 61 is divided by k?
30
Let i = -19 - -22. Let y be 1*(3 - (-312)/i). Let f = 168 - y. Calculate the remainder when f is divided by 16.
13
Calculate the remainder when 9/(-1) + (-1701)/(-7) is divided by 20.
14
Suppose 2*p - 2*t = -7*t + 354, 0 = -